{"id":45,"date":"2018-02-07T14:48:12","date_gmt":"2018-02-07T14:48:12","guid":{"rendered":"https:\/\/araucaria.camk.edu.pl\/?page_id=45"},"modified":"2025-08-26T17:47:50","modified_gmt":"2025-08-26T17:47:50","slug":"people","status":"publish","type":"page","link":"https:\/\/araucaria.camk.edu.pl\/index.php\/people\/","title":{"rendered":"People"},"content":{"rendered":"\n<h1 class=\"wp-block-heading has-medium-font-size\"><strong>Copernicus Astronomical Centre,&nbsp;Polish Academy of Sciences,&nbsp;Warsaw, Poland<\/strong><\/h1>\n\n\n\n<p><a href=\"https:\/\/www.camk.edu.pl\/en\/staff\/pietrzyn\/\"><strong>Grzegorz Pietrzyn\u0301ski, PI<\/strong><\/a><br>Rolf Chini<br><a href=\"https:\/\/www.camk.edu.pl\/en\/staff\/darek\/\">Dariusz Graczyk<\/a><br><a href=\"https:\/\/users.camk.edu.pl\/pilecki\/\">Bogumi\u0142 Pilecki<\/a><br><a href=\"http:\/\/www.astrouw.edu.pl\/~mgorski\/\">Marek G\u00f3rski<\/a><br><a href=\"https:\/\/www.camk.edu.pl\/en\/staff\/ghajdu\/\">Gergely Hajdu<\/a><br><a href=\"https:\/\/www.camk.edu.pl\/en\/staff\/smolec\/\">Rados\u0142aw Smolec<\/a><br><a href=\"https:\/\/camk.edu.pl\/en\/staff\/pych\/\" target=\"_blank\" rel=\"noreferrer noopener\">Wojciech Pych<\/a><br><a href=\"https:\/\/camk.edu.pl\/en\/staff\/cgalan\/\" target=\"_blank\" rel=\"noreferrer noopener\">Cezary Ga\u0142an<\/a><br><a href=\"https:\/\/www.camk.edu.pl\/en\/staff\/266\/\">Weronika Narloch<\/a><br><a href=\"https:\/\/www.camk.edu.pl\/en\/staff\/pwielgor\/\">Piotr Wielg\u00f3rski<\/a><br><a href=\"https:\/\/www.camk.edu.pl\/en\/staff\/taormina\/\">M\u00f3nica Taormina<\/a><br>Miko\u0142aj Ka\u0142uszy\u0144ski<br><a href=\"https:\/\/www.camk.edu.pl\/en\/staff\/518\/\">Miros\u0142aw Kicia<\/a><br><a href=\"https:\/\/sites.google.com\/view\/pkarczmarek\">Paulina Karczmarek<\/a><\/p>\n\n\n<div class=\"su-spacer\" style=\"height:14px\"><\/div>\n\n\n\n<h1 class=\"wp-block-heading has-medium-font-size\"><strong>Institute of Astronomy, Nicolaus Copernicus University, Toru\u0144, Poland<\/strong><\/h1>\n\n\n\n<p><a href=\"https:\/\/www.fizyka.umk.pl\/en\/staff-info\/?userId=716&amp;user=bakowska\">Karolina B\u0105kowska<\/a><\/p>\n\n\n<div class=\"su-spacer\" style=\"height:14px\"><\/div>\n\n\n\n<h1 class=\"wp-block-heading has-medium-font-size\"><strong>Departamento de Astronomia,&nbsp;Universidad de Concepci\u00f3n,&nbsp;Chile<\/strong><\/h1>\n\n\n\n<p><a href=\"http:\/\/www.astro.udec.cl\/e\/people\/profs\/wg.html\"><strong>Wolfgang Gieren, PI<\/strong><\/a><br>Alexandre Gallenne<br>Bart\u0142omiej Zgirski<\/p>\n\n\n<div class=\"su-spacer\" style=\"height:14px\"><\/div>\n\n\n\n<h1 class=\"wp-block-heading has-medium-font-size\"><strong>Institute for Astronomy,&nbsp;University of Hawaii,&nbsp;Honolulu, USA<\/strong><\/h1>\n\n\n\n<p><a href=\"https:\/\/www.ifa.hawaii.edu\/users\/kud\/kud.html\">Rolf Kudritzki<\/a><br>Fabio Bresolin<\/p>\n\n\n<div class=\"su-spacer\" style=\"height:14px\"><\/div>\n\n\n\n<h1 class=\"wp-block-heading has-medium-font-size\"><strong>Carnegie Institution for Science,&nbsp;USA<\/strong><\/h1>\n\n\n\n<p>Ian Thompson<\/p>\n\n\n<div class=\"su-spacer\" style=\"height:14px\"><\/div>\n\n\n\n<h1 class=\"wp-block-heading has-medium-font-size\"><strong>European Southern Observatory,&nbsp;Santiago, Chile<\/strong><\/h1>\n\n\n\n<p>Antoine Merand<\/p>\n\n\n<div class=\"su-spacer\" style=\"height:14px\"><\/div>\n\n\n\n<h1 class=\"wp-block-heading has-medium-font-size\"><strong>Astrophysikalisches Institut Potsdam,&nbsp;Germany<\/strong><\/h1>\n\n\n\n<p>Jesper Storm<\/p>\n\n\n<div class=\"su-spacer\" style=\"height:14px\"><\/div>\n\n\n\n<h1 class=\"wp-block-heading has-medium-font-size\"><strong>Osservatorio Astronomico di Roma,&nbsp;Italy<\/strong><\/h1>\n\n\n\n<p>Giuseppe Bono<\/p>\n\n\n<div class=\"su-spacer\" style=\"height:14px\"><\/div>\n\n\n\n<h1 class=\"wp-block-heading has-medium-font-size\"><strong>Keele University, Staffordshire, UK<\/strong><\/h1>\n\n\n\n<p>Pierre Maxted<\/p>\n\n\n<div class=\"su-spacer\" style=\"height:14px\"><\/div>\n\n\n\n<h1 class=\"wp-block-heading has-medium-font-size\"><strong>Observatoire de la C\u00f4te d&#8217;Azur,&nbsp;France<\/strong><\/h1>\n\n\n\n<p>Nicolas Nardetto<br>Anthony Salsi<\/p>\n\n\n<div class=\"su-spacer\" style=\"height:14px\"><\/div>\n\n\n\n<h1 class=\"wp-block-heading has-medium-font-size\"><strong>Observatoire de Paris, PSL Research University, France<\/strong><\/h1>\n\n\n\n<p>Pierre Kervella<br>Simon Borgniet<br>Boris Trahin<\/p>\n\n\n<div class=\"su-spacer\" style=\"height:14px\"><\/div>\n\n\n\n<h1 class=\"wp-block-heading has-medium-font-size\"><strong>Heidelberg Institute for Theoretical Studies, Germany<\/strong><\/h1>\n\n\n\n<p>Francisco Pozo Nu\u00f1ez<\/p>\n\n\n<div class=\"su-spacer\" style=\"height:14px\"><\/div>\n\n\n\n<h1 class=\"wp-block-heading has-medium-font-size\"><strong>Center for Theoretical Physics, Warsaw, Poland<\/strong><\/h1>\n\n\n\n<p>Bo\u017cena Czerny<\/p>\n\n\n<div class=\"su-spacer\" style=\"height:14px\"><\/div>\n\n\n\n<h1 class=\"wp-block-heading has-medium-font-size\"><strong>University of Wroc\u0142aw, Poland<\/strong><\/h1>\n\n\n\n<p>Andrzej Pigulski<br>Dawid Mo\u017adzierski<br>Przemys\u0142aw Miko\u0142ajczyk<br>Krzysztof Kotysz<br>Piotr Ko\u0142aczek-Szyma\u0144ski<br><\/p>\n\n\n<div class=\"su-spacer\" style=\"height:14px\"><\/div>\n\n\n\n<h1 class=\"wp-block-heading has-medium-font-size\"><strong>Other collaborators<\/strong><\/h1>\n\n\n\n<p><meta charset=\"utf-8\">Pier Giorgio Prada Moroni (Department of Physics &#8220;E. Fermi&#8221;, University of Pisa, Italy)<br><a href=\"http:\/\/www.astrouw.edu.pl\/~soszynsk\/\">Igor Soszy\u0144ski<\/a> (Astronomical Observatory of the University of Warsaw, Poland)<br>Scarlet Margarita S\u00e1ez Elgueta<\/p>\n\n\n\n<h1 class=\"wp-block-heading has-medium-font-size\"><strong>Former members<\/strong><\/h1>\n\n\n\n<p>Ksenia Suchomska<br>Zbigniew Ko\u0142aczkowski<br>Megan Lewis<br><a href=\"https:\/\/nikkimiller.space\/\">Nikki Miller<\/a><br>Gonzalo Rojas Garc\u00eda<br>Vincent Hocd\u00e9<\/p>\n\n\n<div class=\"su-spacer\" style=\"height:30px\"><\/div>\n\n\n<div class=\"wp-block-image is-resized is-style-default\">\n<figure class=\"aligncenter size-large\"><img loading=\"lazy\" decoding=\"async\" width=\"1024\" height=\"906\" src=\"https:\/\/araucaria.camk.edu.pl\/wp-content\/uploads\/2018\/03\/ara_flags-1024x906.jpg\" alt=\"Flags of countries collaborating with Araucaria Project\" class=\"wp-image-404\" style=\"width:532px;height:auto\" srcset=\"https:\/\/araucaria.camk.edu.pl\/wp-content\/uploads\/2018\/03\/ara_flags-1024x906.jpg 1024w, https:\/\/araucaria.camk.edu.pl\/wp-content\/uploads\/2018\/03\/ara_flags-300x266.jpg 300w, https:\/\/araucaria.camk.edu.pl\/wp-content\/uploads\/2018\/03\/ara_flags-768x680.jpg 768w, https:\/\/araucaria.camk.edu.pl\/wp-content\/uploads\/2018\/03\/ara_flags.jpg 1811w\" sizes=\"auto, (max-width: 1024px) 100vw, 1024px\" \/><\/figure><\/div>\n\n\n<p><\/p>\n","protected":false},"excerpt":{"rendered":"<p>Copernicus Astronomical Centre,&nbsp;Polish Academy of Sciences,&nbsp;Warsaw, Poland Grzegorz Pietrzyn\u0301ski, PIRolf ChiniDariusz GraczykBogumi\u0142 PileckiMarek G\u00f3rskiGergely HajduRados\u0142aw SmolecWojciech PychCezary Ga\u0142anWeronika NarlochPiotr Wielg\u00f3rskiM\u00f3nica TaorminaMiko\u0142aj Ka\u0142uszy\u0144skiMiros\u0142aw KiciaPaulina Karczmarek Institute of Astronomy, Nicolaus Copernicus University, Toru\u0144, Poland Karolina B\u0105kowska&#46;&#46;&#46;<\/p>\n","protected":false},"author":1,"featured_media":0,"parent":0,"menu_order":0,"comment_status":"closed","ping_status":"closed","template":"","meta":{"footnotes":""},"class_list":["post-45","page","type-page","status-publish","hentry"],"_links":{"self":[{"href":"https:\/\/araucaria.camk.edu.pl\/index.php\/wp-json\/wp\/v2\/pages\/45","targetHints":{"allow":["GET"]}}],"collection":[{"href":"https:\/\/araucaria.camk.edu.pl\/index.php\/wp-json\/wp\/v2\/pages"}],"about":[{"href":"https:\/\/araucaria.camk.edu.pl\/index.php\/wp-json\/wp\/v2\/types\/page"}],"author":[{"embeddable":true,"href":"https:\/\/araucaria.camk.edu.pl\/index.php\/wp-json\/wp\/v2\/users\/1"}],"replies":[{"embeddable":true,"href":"https:\/\/araucaria.camk.edu.pl\/index.php\/wp-json\/wp\/v2\/comments?post=45"}],"version-history":[{"count":52,"href":"https:\/\/araucaria.camk.edu.pl\/index.php\/wp-json\/wp\/v2\/pages\/45\/revisions"}],"predecessor-version":[{"id":3063,"href":"https:\/\/araucaria.camk.edu.pl\/index.php\/wp-json\/wp\/v2\/pages\/45\/revisions\/3063"}],"wp:attachment":[{"href":"https:\/\/araucaria.camk.edu.pl\/index.php\/wp-json\/wp\/v2\/media?parent=45"}],"curies":[{"name":"wp","href":"https:\/\/api.w.org\/{rel}","templated":true}]}}